25*l**3 - 2*l**2 + 4*l - 6. What is a(2)?
194
Let x(s) = -494*s - 3454. Determine x(-7).
4
Let f(w) = 4*w**3 - 2*w**2 - 5*w - 3. What is f(3)?
72
Let l(u) = -1206*u + 4817. Calculate l(4).
-7
Let t(j) = 4*j**2 - 23*j - 20. Determine t(-1).
7
Let t(u) = -3*u**2 - 91*u - 3. Calculate t(-30).
27
Let p(u) = -u**3 + 52*u**2 + 63*u - 510. Give p(53).
20
Let q(p) = 2*p**2 - 212*p + 1620. Determine q(8).
52
Let g(z) = 3*z**2 + 11*z - 22. What is g(6)?
152
Let j(q) = 27*q - 37. What is j(0)?
-37
Let t(i) = -204*i - 3119. Calculate t(-15).
-59
Let m(a) = -48*a - 185. Determine m(-4).
7
Let d(f) = -1656*f - 97700. Give d(-59).
4
Let i(h) = h**3 + 4*h**2 - 136*h + 17. Calculate i(-13).
264
Let j(k) = 2*k**3 - 46*k**2 - 8*k - 139. Give j(23).
-323
Let y(s) = s**3 + 25*s**2 + 63*s + 43. Calculate y(-22).
109
Let k(a) = -a**2 + 24*a - 17. Calculate k(18).
91
Let p(q) = 5*q**2 + 631*q + 1987. What is p(-123)?
19
Let h(x) = 49*x**2 - 18*x + 30. Determine h(2).
190
Let b(g) = 36*g + 181. Determine b(-5).
1
Let g(r) = -r**2 + 89*r - 1206. Determine g(17).
18
Let k(o) = 161*o**2 - 1080*o - 5. What is k(7)?
324
Let k(p) = 7*p**2 + 92*p + 748. Give k(-10).
528
Let x(w) = -2*w**2 + 117*w - 393. Give x(55).
-8
Let p(a) = -3536*a + 7091. What is p(2)?
19
Let w(d) = -2*d**3 + 16*d**2 + 38*d - 370. Determine w(7).
-6
Let h(l) = 9*l - 29. Determine h(-3).
-56
Let x(j) = -2*j**2 - 52*j + 32. Give x(-23).
170
Let m(o) = o**3 - 25*o**2 + 14*o + 120. What is m(24)?
-120
Let m(v) = v**3 + 10*v**2 + 35*v + 38. Give m(-3).
-4
Let n(c) = 34*c + 416. Calculate n(-10).
76
Let p(o) = 5814*o - 29070. Calculate p(5).
0
Let k(h) = 2*h**3 - 4*h**2 - h - 21. What is k(5)?
124
Let k(f) = -24*f**2 + 2. Give k(1).
-22
Let d(h) = -2*h - 36. Calculate d(-35).
34
Let f(m) = 3*m**3 + 115*m**2 + 36*m - 82. Give f(-38).
-6
Let b(w) = 7*w**2 + 74*w - 48. Determine b(-11).
-15
Let q(b) = -185*b**3 + 8*b**2 + 11*b + 3. Give q(-1).
185
Let o(h) = h**3 - 14*h**2 + 33*h + 54. What is o(10)?
-16
Let g(i) = -34*i**2 + 476*i + 11. Determine g(14).
11
Let h(b) = -341*b + 24894. Determine h(73).
1
Let l(h) = -h**3 + 5*h**2 - 28*h + 52. Give l(2).
8
Let t(n) = n**3 + 59*n**2 + 64*n + 185. Determine t(-58).
-163
Let c(x) = 2*x**2 - 81*x + 660. What is c(29)?
-7
Let i(k) = 4*k**2 - 11*k + 2. Calculate i(3).
5
Let y(w) = -1518*w + 9125. Give y(6).
17
Let i(z) = -18*z**2 - 73*z - 8. What is i(-4)?
-4
Let r(s) = -261*s + 46455. Calculate r(178).
-3
Let v(i) = i**2 - 52*i - 191. Give v(56).
33
Let n(k) = k**3 - 34*k**2 + 183*k + 37. What is n(7)?
-5
Let j(p) = 10*p**3 + 60*p**2 + 12*p + 78. What is j(-6)?
6
Let h(s) = -s**3 + s**2 - 3*s + 19. Calculate h(2).
9
Let c(v) = -4*v**2 + 222*v + 2466. Calculate c(65).
-4
Let v(o) = -3*o**3 - 34*o**2 - 42*o - 3. Give v(-10).
17
Let t(b) = -71*b + 3766. What is t(53)?
3
Let o(v) = -v**3 + 4*v**2 + 30*v - 94. What is o(6)?
14
Let i(q) = q**3 - 98*q**2 + 296*q - 1043. What is i(95)?
2
Let x(l) = l**3 + 6*l + 19. Calculate x(7).
404
Let x(y) = 4*y**3 - 25*y**2 - 64*y + 72. Determine x(8).
8
Let t(x) = x**2 - 20*x + 157. Calculate t(28).
381
Let d(b) = -b**3 - 59*b**2 + 9*b + 531. Give d(-59).
0
Let y(b) = -b**2 - 32*b + 31. Calculate y(-31).
62
Let a(p) = -8*p**2 + 77*p - 13. What is a(11)?
-134
Let j(x) = 21*x - 528. Determine j(24).
-24
Let b(r) = -380*r - 52826. What is b(-139)?
-6
Let k(f) = -89*f + 914. What is k(6)?
380
Let f(k) = -k**3 + 26*k**2 - 114*k + 2221. Give f(25).
-4
Let r(t) = 1244*t + 7524. Calculate r(-6).
60
Let g(p) = -64*p + 1290. Determine g(20).
10
Let u(x) = x**3 - 46*x**2 + 229*x + 935. Determine u(9).
-1
Let p(l) = -l**3 - 63*l**2 + 145*l + 969. Determine p(-65).
-6
Let d(h) = 2*h**2 + 435*h - 3585. Determine d(8).
23
Let g(o) = -o**2 - 49*o - 212. Give g(-45).
-32
Let a(w) = -w**3 - 75*w**2 + 24*w + 1799. Give a(-75).
-1
Let b(f) = -62*f**3 - 3*f**2 + 6*f - 2. Determine b(1).
-61
Let n(i) = -i**2 + 77*i - 1036. Calculate n(60).
-16
Let t(o) = o**2 + 94*o + 2183. What is t(-32)?
199
Let z(o) = 54*o**3 - 2*o**2 + 8*o - 7. What is z(1)?
53
Let a(w) = -2*w**3 - 17*w**2 + 17*w + 55. Determine a(-9).
-17
Let x(i) = 63*i + 93. Determine x(-2).
-33
Let y(j) = 199*j - 10608. Calculate y(53).
-61
Let k(h) = -17*h**3 + 2405*h**2 - 1126*h - 298. What is k(141)?
-16
Let q(m) = -18*m - 324. Calculate q(-15).
-54
Let q(f) = -38*f + 76. What is q(13)?
-418
Let o(c) = 20*c**3 - 450*c**2 - 230*c - 4. Calculate o(23).
-4
Let t(z) = 2*z**2 + 94*z - 2336. Give t(18).
4
Let u(x) = -4*x**2 + 70*x - 26. What is u(18)?
-62
Let m(j) = 567*j**2 + 3393*j - 59. Give m(-6).
-5
Let m(d) = -d**3 + 17*d**2 + 126*d - 1947. Determine m(18).
-3
Let a(h) = h**3 + 27*h**2 - 188*h + 12. Determine a(7).
362
Let m(x) = 21*x - 9. What is m(0)?
-9
Let l(p) = -2*p**2 - 16*p - 60. What is l(-3)?
-30
Let l(g) = -g**3 + 12*g**2 + 4*g + 75. Calculate l(9).
354
Let s(x) = 192*x + 9791. What is s(-51)?
-1
Let t(y) = -y**3 + 4*y**2 + 2*y + 7. What is t(5)?
-8
Let y(p) = 664*p + 4649. Determine y(-7).
1
Let p(q) = -85*q + 18. Give p(0).
18
Let y(a) = -450*a - 1436. What is y(-3)?
-86
Let h(m) = -1110*m - 9976. What is h(-9)?
14
Let z(j) = -13*j + 131. Calculate z(38).
-363
Let c(r) = -r**3 - r**2 + 96*r - 162. What is c(-11)?
-8
Let w(n) = -18*n - 1173. What is w(-65)?
-3
Let o(s) = -2811*s - 6. Calculate o(0).
-6
Let s(h) = -104*h - 632. Determine s(-6).
-8
Let r(p) = p**3 + p**2 + 7*p - 40. What is r(0)?
-40
Let n(m) = -6*m**3 - 152*m**2 + 914*m - 27. Give n(5).
-7
Let w(v) = -34*v + 21. Determine w(7).
-217
Let r(v) = v**3 - 29*v**2 + 6*v - 161. What is r(29)?
13
Let h(q) = -9*q + 121. Determine h(4).
85
Let q(p) = 12*p**2 - 40*p - 177. Determine q(6).
15
Let m(x) = -12*x**2 + 1896*x - 3797. Determine m(2).
-53
Let d(p) = 174*p - 2609. What is d(15)?
1
Let q(r) = 4*r**3 + 22*r**2 + 28*r + 32. Determine q(-6).
-208
Let b(k) = k**3 + 5*k**2 - 259*k - 1307. Determine b(-5).
-12
Let x(h) = -38*h - 191. What is x(-5)?
-1
Let z(y) = -79*y + 1523. Calculate z(17).
180
Let m(y) = 35*y**2 + 69*y + 1. Calculate m(-2).
3
Let k(u) = -9*u**2 - 180*u - 203. What is k(-19)?
-32
Let q(l) = 3*l**2 + 68*l + 231. Calculate q(-18).
-21
Let p(d) = -46*d**2 + 8143*d - 158. What is p(177)?
19
Let u(r) = -6*r**3 - 18*r**2 + 2*r + 1. Give u(-3).
-5
Let o(x) = -36*x + 298. What is o(6)?
82
Let r(o) = -o**3 + 22*o**2 + 1414*o - 26753. What is r(18)?
-5
Let o(y) = 67*y + 344. Determine o(-5).
9
Let c(d) = -41*d - 660. Calculate c(-17).
37
Let m(w) = -w**3 + 4*w**2 + 2*w - 19. Determine m(10).
-599
Let j(q) = -q**3 - 33*q**2 + 266*q - 552. Determine j(-40).
8
Let d(z) = -416*z + 7973. Give d(19).
69
Let g(s) = s**3 + 28*s**2 - 1318*s - 44. Calculate g(25).
131
Let c(f) = f**2 - 55*f + 170. Give c(47).
-206
Let i(u) = 103*u + 832. What is i(-8)?
8
Let b(l) = -14*l - 47. Calculate b(-3).
-5
Let h(k) = k**3 - 98*k**2 - 203*k + 312. Calculate h(100).
12
Let c(w) = w**3 + 75*w**2 + 213*w - 243. What is c(-72)?
-27
Let u(q) = q**3 - 8*q**2 + 15*q - 2. Give u(4).
-6
Let k(c) = 23*c**3 - c**2 - 2*c. Determine k(-1).
-22
Let o(c) = -157*c - 326. Calculate o(-2).
-12
Let w(i) = 178*i + 47177. Determine w(-265).
7
Let d(i) = 52*i + 1874. Determine d(-36).
2
Let c(f) = f**3 + 83*f**2 - 167*f + 340. Calculate c(-85).
85
Let g(n) = 10*n**3 + 8*n**2 + 12*n + 48. Calculate g(-3).
-186
Let m(p) = 106*p - 2991. Calculate m(29).
83
Let c(z) = 6*z - 349. What is c(52)?
-37
Let s(r) = -r**3 + 6*r**2 - 9*r - 14. Give s(6).
-68
Let t(o) = -4*o**3 + 26*o**2 + 31*o + 13. What is t(7)?
132
Let p(h) = -161*h + 8144. Determine p(51).
-67
Let u(a) = a**3 + a**2 - 18*a - 70. What is u(-4)?
-46
Let g(a) = a**2 - 22*a + 91. Determine g(16).
-5
Let o(y) = 3*y**3 - y**2 - y - 10. Calculate o(-3).
-97
Let k(a) = 872*a + 8724. What is k(-10)?
4
Let k(o) = -2*o**2 + 19*o + 6. What is k(9)?
15
Let h(p) = 3*p**3 + 3*p**2 + 199*p + 594. Determine h(-3).
-57
Let v(n) = -40*n**2 + 580*n + 14. Give v(12).
1214
Let s(g) = -2*g**2 + 32*g + 228. Determine s(18).
156
Let m(q) = -q**3 + 8*q**2 + 461*q - 119. What is m(26)?
-301
Let m(d) = -17*d + 65. Determine m(-5).
150
Let h(f) = -f**3 - 5*f**2 + 38*f + 12. What is h(-9)?
-6
Let c(m) = 238*m - 5958. Calculate c(25).
-8
Let l(q) = -q**2 - 87*q + 453. Give l(5).
-7
Let k(v) = -v**3 + 18*v**2 - 67*v + 552. Give k(16)